st common divisor of 237 and 26781?
237
What is the highest common divisor of 31 and 11?
1
What is the highest common factor of 440 and 5170?
110
What is the greatest common factor of 288 and 180?
36
Calculate the highest common factor of 144 and 54.
18
Calculate the greatest common divisor of 26924 and 159.
53
Calculate the greatest common divisor of 32 and 512.
32
Calculate the greatest common divisor of 48 and 600.
24
Calculate the highest common factor of 200 and 175.
25
What is the highest common factor of 69 and 69?
69
What is the highest common factor of 174 and 116?
58
What is the greatest common divisor of 423 and 752?
47
What is the greatest common factor of 36 and 620?
4
Calculate the highest common factor of 2142 and 833.
119
Calculate the greatest common factor of 44 and 52.
4
What is the highest common factor of 22239 and 126?
63
What is the highest common factor of 360 and 200?
40
What is the greatest common factor of 134853 and 79?
79
What is the greatest common divisor of 42 and 791?
7
What is the greatest common factor of 1767 and 279?
93
What is the highest common divisor of 3345 and 15?
15
What is the highest common factor of 1214 and 2?
2
Calculate the greatest common divisor of 8 and 2168.
8
What is the greatest common divisor of 67 and 2?
1
Calculate the highest common divisor of 38 and 5111.
19
Calculate the highest common divisor of 336 and 21.
21
Calculate the greatest common factor of 72 and 4590.
18
Calculate the greatest common divisor of 209 and 517.
11
Calculate the highest common factor of 43080 and 60.
60
What is the greatest common factor of 477 and 424?
53
What is the highest common factor of 74 and 3478?
74
What is the highest common divisor of 144 and 1098?
18
What is the greatest common factor of 575 and 1825?
25
Calculate the greatest common divisor of 75 and 255.
15
What is the greatest common factor of 9 and 1578?
3
Calculate the highest common factor of 11 and 3421.
11
Calculate the greatest common factor of 102 and 816.
102
Calculate the highest common divisor of 9256 and 104.
104
Calculate the greatest common factor of 1254 and 572.
22
What is the highest common divisor of 20 and 16?
4
Calculate the greatest common divisor of 9999 and 297.
99
Calculate the highest common factor of 29 and 11.
1
Calculate the greatest common divisor of 770 and 560.
70
What is the highest common divisor of 10 and 2110?
10
What is the highest common divisor of 105 and 301?
7
What is the highest common divisor of 775 and 62?
31
Calculate the highest common divisor of 299 and 115.
23
What is the greatest common divisor of 5133 and 177?
177
Calculate the highest common divisor of 77 and 583.
11
Calculate the highest common divisor of 1416 and 1.
1
Calculate the greatest common divisor of 930 and 30.
30
Calculate the highest common factor of 480 and 285.
15
Calculate the highest common factor of 20 and 260.
20
Calculate the greatest common divisor of 39 and 8047.
13
What is the greatest common factor of 204 and 7038?
102
What is the greatest common divisor of 40 and 392?
8
What is the highest common divisor of 14 and 119?
7
What is the highest common factor of 8740 and 20?
20
Calculate the greatest common divisor of 7 and 2191.
7
Calculate the highest common divisor of 2448 and 81.
9
What is the highest common factor of 15962 and 92?
46
Calculate the highest common divisor of 172 and 43.
43
What is the greatest common factor of 112 and 1?
1
Calculate the greatest common divisor of 91 and 49.
7
What is the greatest common divisor of 370 and 10?
10
Calculate the greatest common divisor of 2 and 54.
2
What is the highest common divisor of 45 and 963?
9
What is the highest common factor of 224 and 280?
56
Calculate the greatest common factor of 9575 and 50.
25
What is the greatest common factor of 45 and 5235?
15
Calculate the highest common factor of 3213 and 51.
51
Calculate the greatest common factor of 345 and 69.
69
Calculate the greatest common divisor of 54 and 3294.
54
Calculate the greatest common divisor of 105 and 455.
35
What is the greatest common divisor of 288 and 186?
6
What is the highest common factor of 9 and 30?
3
Calculate the highest common factor of 35 and 7.
7
What is the greatest common factor of 11448 and 648?
216
Calculate the highest common divisor of 540 and 70.
10
Calculate the greatest common factor of 360 and 40.
40
Calculate the greatest common factor of 35 and 45.
5
Calculate the greatest common divisor of 24 and 48.
24
What is the highest common factor of 2064 and 192?
48
Calculate the highest common divisor of 84 and 1148.
28
What is the highest common factor of 77 and 121?
11
What is the greatest common divisor of 1640 and 8?
8
Calculate the greatest common factor of 63 and 3318.
21
What is the greatest common factor of 39 and 39?
39
What is the highest common factor of 5782 and 98?
98
Calculate the greatest common factor of 63 and 819.
63
Calculate the highest common divisor of 247 and 38.
19
Calculate the greatest common factor of 5022 and 186.
186
Calculate the greatest common factor of 138 and 897.
69
What is the highest common divisor of 742 and 530?
106
Calculate the greatest common divisor of 1547 and 91.
91
What is the greatest common divisor of 10 and 5345?
5
Calculate the highest common factor of 1125 and 18.
9
What is the greatest common divisor of 22 and 209?
11
Calculate the greatest common factor of 292 and 146.
146
What is the highest common factor of 748 and 68?
68
Calculate the greatest common divisor of 320 and 20.
20
What is the greatest common divisor of 429 and 66?
33
Calculate the highest common factor of 2 and 62.
2
What is the greatest common factor of 164 and 12?
4
Calculate the highest common factor of 2 and 1.
1
What is the highest common divisor of 50 and 13025?
25
What is the highest common factor of 20 and 1780?
20
What is the greatest common divisor of 650 and 130?
130
Calculate the highest common divisor of 100 and 625.
25
What is the greatest common factor of 2016 and 189?
63
Calculate the greatest common divisor of 818 and 4.
2
Calculate the greatest common divisor of 26 and 19214.
26
Calculate the greatest common divisor of 4980 and 60.
60
What is the greatest common divisor of 19 and 5700?
19
Calculate the highest common divisor of 57 and 1007.
19
Calculate the highest common divisor of 5313 and 207.
69
What is the greatest common divisor of 1073 and 145?
29
What is the greatest common divisor of 4 and 1094?
2
What is the highest common factor of 2365 and 44?
11
Calculate the highest common factor of 1036 and 4921.
259
Calculate the greatest common divisor of 144 and 27.
9
What is the highest common factor of 78 and 104?
26
Calculate the greatest common factor of 56846 and 86.
86
What is the greatest common divisor of 444 and 296?
148
What is the highest common divisor of 8295 and 735?
105
What is the greatest common factor of 12750 and 340?
170
Calculate the greatest common factor of 24 and 600.
24
What is the greatest common divisor of 7 and 427?
7
What is the greatest common divisor of 36 and 378?
18
Calculate the highest common divisor of 45 and 480.
15
What is the highest common divisor of 19 and 3?
1
Calculate the greatest common divisor of 645 and 1161.
129
Calculate the highest common factor of 906 and 4077.
453
Calculate the greatest common divisor of 127 and 7747.
127
Calculate the highest common factor of 1955 and 2465.
85
What is the highest common factor of 21 and 441?
21
What is the greatest common factor of 9231 and 51?
51
Calculate the highest common factor of 5150 and 206.
206
Calculate the greatest common divisor of 2982 and 126.
42
What is the highest common factor of 2 and 1654?
2
What is the highest common divisor of 126 and 6?
6
Calculate the highest common factor of 30 and 12.
6
Calculate the greatest common divisor of 1995 and 105.
105
What is the greatest common factor of 242 and 198?
22
Calculate the greatest common divisor of 25 and 3925.
25
Calculate the greatest common divisor of 4706 and 26.
26
What is the greatest common divisor of 7275 and 582?
291
Calculate the highest common divisor of 330 and 2046.
66
What is the greatest common divisor of 102 and 16014?
102
Calculate the greatest common divisor of 81 and 12.
3
What i